{"id":1436,"date":"2019-06-10T14:40:44","date_gmt":"2019-06-10T12:40:44","guid":{"rendered":"https:\/\/www.obc-suisse.ch\/?page_id=1436"},"modified":"2025-05-22T09:02:18","modified_gmt":"2025-05-22T07:02:18","slug":"day-office-zuerich","status":"publish","type":"page","link":"https:\/\/www.obc-suisse.ch\/en\/tagesbuero-zuerich\/","title":{"rendered":"day office in Zurich"},"content":{"rendered":"<img decoding=\"async\" src=\"https:\/\/www.obc-suisse.ch\/wp-content\/uploads\/2019\/07\/tagesbuero-zuerich.jpg\" alt=\"rent a day office in Zurich\" itemprop=\"image\" height=\"600\" width=\"1920\" title=\"day-office-zurich-header\" onerror=\"this.style.display='none'\" loading='lazy' \/>\n\t<h1>\n\t\t\t\tYour day office in Zurich\n\t\t\t<\/h1>\n\t\t\t<p>Do you need a short term <strong>private office <\/strong>for <strong>Several hours <\/strong>or <strong>one day<\/strong>? In our business centers at the <a href=\"https:\/\/www.obc-suisse.ch\/en\/zuerich-city\/\"><strong>Bahnhofstrasse<\/strong><\/a>, in <strong><a href=\"https:\/\/www.obc-suisse.ch\/en\/zuerich-west\/\">Zurich Altstetten<\/a><\/strong> or at the <a href=\"https:\/\/www.obc-suisse.ch\/en\/zuerich-europaallee\/\"><strong>Europaallee<\/strong><\/a> you have the possibility to create a <strong>fully equipped office simple<\/strong> and <strong>flexible<\/strong>for rent. You can also benefit from the other amenities of our locations, such as a spacious reception area, secretarial services, bistro and telephone service. We would be delighted to welcome you as a customer.<\/p>\t\n\t<p>At our business centers, we provide you with the following services:<\/p>\n\t\t<h3>Get in touch with us<\/h3>\n\t\t\t<p><a href=\"tel:0041612254401\">+41 61 225 44 01<\/a><br \/>Mon-Fri 8:00 - 17:00<\/p>\n\t\t\t<a href=\"https:\/\/www.obc-suisse.ch\/en\/contact\/\" target=\"_self\">\n\t\t\t\t\t\tcontact via E-Mail\n\t\t\t\t\t<\/a>\n\n\t<h2 class=\"translation-block\"><span class=\"uabb-heading-text\">rent a day office in Zurich's<br \/>most popular locations<\/span><\/h2>\n\t\t\t<p>Our three offices in popular locations are easy to reach by public transport. Our day offices on Europaallee and in the city center are in the immediate vicinity of the main railway station and the day offices in Zurich West are close to Altstetten station. Book your private day office right in the heart of Zurich.<\/p>\t\n\t\t\t\t<img decoding=\"async\" src=\"https:\/\/www.obc-suisse.ch\/wp-content\/uploads\/2018\/09\/obc-suisse-zurich-city-office-teaser2.jpg\" alt=\"Exterior view Zurich office\" title=\"obc-suisse-zurich-city-office-teaser2\" itemprop=\"image\"\/>\n\t\t<h3>Zurich-City<\/h3>\t\t\t\n\t\t\t\t<p>The business center is located on Bahnhofstrasse, in the heart of Zurich and just a few minutes away from the main train station.<\/p>\n\t\t\t<a href=\"https:\/\/www.obc-suisse.ch\/en\/zuerich-city\/\" title=\"Click Here\" target=\"_self\"   role=\"button\" aria-label=\"Zurich-City\">\n\t\t\t\t\t\t\tZurich-City\n\t\t<\/a>\n\t\t\t\t<img decoding=\"async\" src=\"https:\/\/www.obc-suisse.ch\/wp-content\/uploads\/2018\/09\/zueroch-west.jpg\" alt=\"Zurich west\" title=\"zueroch-west\" itemprop=\"image\"\/>\n\t\t<h3>Zurich-West<\/h3>\t\t\t\n\t\t\t\t<p>Modern and well-equipped offices at our new location in Zurich-West in the area of the Swiss Life Arena in Zurich-Altstetten.<\/p>\n\t\t\t<a href=\"https:\/\/www.obc-suisse.ch\/en\/zuerich-west\/\" title=\"Click Here\" target=\"_self\"   role=\"button\" aria-label=\"Zurich-West\">\n\t\t\t\t\t\t\tZurich-West\n\t\t<\/a>\n\t\t\t\t<img decoding=\"async\" src=\"https:\/\/www.obc-suisse.ch\/wp-content\/uploads\/2018\/09\/zuerich-europaallee-obc-suisse.jpg\" alt=\"Zurich location Europaallee exterior view\" title=\"zuerich-europaallee-obc-suisse\" itemprop=\"image\"\/>\n\t\t<h3>Zurich-Europaallee<\/h3>\t\t\t\n\t\t\t\t<p>The site is located in the middle of the Europaallee district, which is right next to Zurich's main train station.<\/p>\n\t\t\t<a href=\"https:\/\/www.obc-suisse.ch\/en\/zuerich-europaallee\/\" title=\"Click Here\" target=\"_self\"   role=\"button\" aria-label=\"Zurich-Europaallee\">\n\t\t\t\t\t\t\tZurich-Europaallee\n\t\t<\/a>\n\t<h2>\n\t\t\t\tFAQ Zurich day office\n\t\t\t<\/h2>\n\t\t\t\t\t\t<h4>Can I rent my office by the hour?<\/h4>\n\t\t\t<p>Yes, that's no problem with our flexible short-term offices. You can rent the premises at short notice and by the hour.<\/p>\n\t\t\t\t\t\t<h4>Can I rent an office for a day?<\/h4>\n\t\t\t<p>Yes, you have the option of renting your office for one or more days. Of course, you can also book the day office regularly on different days.<\/p>\n\t\t\t\t\t\t<h4> Can I rent my office flexibly?<\/h4>\n\t\t\t<p>Yes, you have the option of renting an office for a few hours at short notice. If your needs grow, you can flexibly rent your office by the day at any time. We also offer flexible and expandable booking models that adapt to growing teams.<\/p>","protected":false},"excerpt":{"rendered":"<p>OBC Suisse AG offers fully furnished individual and team offices ready for use at attractive conditions. <\/p>","protected":false},"author":2,"featured_media":3534,"parent":0,"menu_order":0,"comment_status":"closed","ping_status":"closed","template":"","meta":{"_seopress_robots_primary_cat":"","_seopress_titles_title":"Tagesb\u00fcro in Z\u00fcrich \u2013 OBC Suisse","_seopress_titles_desc":"Ben\u00f6tigen Sie kurzfristig ein privates B\u00fcro f\u00fcr einige Stunden oder einen Tag? Wir bieten voll ausgestattete B\u00fcros kurzfristig und unkompliziert.","_seopress_robots_index":"","site-sidebar-layout":"no-sidebar","site-content-layout":"page-builder","ast-site-content-layout":"full-width-container","site-content-style":"unboxed","site-sidebar-style":"unboxed","ast-global-header-display":"","ast-banner-title-visibility":"","ast-main-header-display":"","ast-hfb-above-header-display":"","ast-hfb-below-header-display":"","ast-hfb-mobile-header-display":"","site-post-title":"disabled","ast-breadcrumbs-content":"","ast-featured-img":"disabled","footer-sml-layout":"","ast-disable-related-posts":"","theme-transparent-header-meta":"default","adv-header-id-meta":"","stick-header-meta":"","header-above-stick-meta":"","header-main-stick-meta":"","header-below-stick-meta":"","astra-migrate-meta-layouts":"set","ast-page-background-enabled":"default","ast-page-background-meta":{"desktop":{"background-color":"","background-image":"","background-repeat":"repeat","background-position":"center center","background-size":"auto","background-attachment":"scroll","background-type":"","background-media":"","overlay-type":"","overlay-color":"","overlay-opacity":"","overlay-gradient":""},"tablet":{"background-color":"","background-image":"","background-repeat":"repeat","background-position":"center center","background-size":"auto","background-attachment":"scroll","background-type":"","background-media":"","overlay-type":"","overlay-color":"","overlay-opacity":"","overlay-gradient":""},"mobile":{"background-color":"","background-image":"","background-repeat":"repeat","background-position":"center center","background-size":"auto","background-attachment":"scroll","background-type":"","background-media":"","overlay-type":"","overlay-color":"","overlay-opacity":"","overlay-gradient":""}},"ast-content-background-meta":{"desktop":{"background-color":"var(--ast-global-color-5)","background-image":"","background-repeat":"repeat","background-position":"center center","background-size":"auto","background-attachment":"scroll","background-type":"","background-media":"","overlay-type":"","overlay-color":"","overlay-opacity":"","overlay-gradient":""},"tablet":{"background-color":"var(--ast-global-color-5)","background-image":"","background-repeat":"repeat","background-position":"center center","background-size":"auto","background-attachment":"scroll","background-type":"","background-media":"","overlay-type":"","overlay-color":"","overlay-opacity":"","overlay-gradient":""},"mobile":{"background-color":"var(--ast-global-color-5)","background-image":"","background-repeat":"repeat","background-position":"center center","background-size":"auto","background-attachment":"scroll","background-type":"","background-media":"","overlay-type":"","overlay-color":"","overlay-opacity":"","overlay-gradient":""}},"iawp_total_views":2079,"footnotes":""},"class_list":["post-1436","page","type-page","status-publish","has-post-thumbnail","hentry"],"_links":{"self":[{"href":"https:\/\/www.obc-suisse.ch\/en\/wp-json\/wp\/v2\/pages\/1436","targetHints":{"allow":["GET"]}}],"collection":[{"href":"https:\/\/www.obc-suisse.ch\/en\/wp-json\/wp\/v2\/pages"}],"about":[{"href":"https:\/\/www.obc-suisse.ch\/en\/wp-json\/wp\/v2\/types\/page"}],"author":[{"embeddable":true,"href":"https:\/\/www.obc-suisse.ch\/en\/wp-json\/wp\/v2\/users\/2"}],"replies":[{"embeddable":true,"href":"https:\/\/www.obc-suisse.ch\/en\/wp-json\/wp\/v2\/comments?post=1436"}],"version-history":[{"count":52,"href":"https:\/\/www.obc-suisse.ch\/en\/wp-json\/wp\/v2\/pages\/1436\/revisions"}],"predecessor-version":[{"id":3849,"href":"https:\/\/www.obc-suisse.ch\/en\/wp-json\/wp\/v2\/pages\/1436\/revisions\/3849"}],"wp:featuredmedia":[{"embeddable":true,"href":"https:\/\/www.obc-suisse.ch\/en\/wp-json\/wp\/v2\/media\/3534"}],"wp:attachment":[{"href":"https:\/\/www.obc-suisse.ch\/en\/wp-json\/wp\/v2\/media?parent=1436"}],"curies":[{"name":"wp","href":"https:\/\/api.w.org\/{rel}","templated":true}]}}

Tagesbüro in Zürich – OBC Suisse

Benötigen Sie kurzfristig ein privates Büro für einige Stunden oder einen Tag? Wir bieten voll ausgestattete Büros kurzfristig und unkompliziert.
