{"id":413,"date":"2018-09-27T16:49:46","date_gmt":"2018-09-27T14:49:46","guid":{"rendered":"https:\/\/obc-suisse.ch\/?page_id=413"},"modified":"2024-06-11T09:44:32","modified_gmt":"2024-06-11T07:44:32","slug":"modern-conference-rooms","status":"publish","type":"page","link":"https:\/\/www.obc-suisse.ch\/en\/moderne-konferenzraeume\/","title":{"rendered":"Modern conference rooms"},"content":{"rendered":"<img loading=\"lazy\" decoding=\"async\" src=\"https:\/\/www.obc-suisse.ch\/wp-content\/uploads\/2018\/10\/OBC_Header_Konferenzraeume.jpg\" alt=\"OBC Suisse Header\" itemprop=\"image\" height=\"600\" width=\"1920\" title=\"OBC_Header_Conference_rooms\" onerror=\"this.style.display='none'\"  \/>\n\t<h1>\n\t\t\t\tModern conference rooms\n\t\t\t<\/h1>\n\t<p>In each of our business centers, meeting and conference rooms are available in various sizes for 2 - 100 people. Our conference and seminar rooms offer you ideal conditions for successful meetings, seminars and workshops as well as for media orientations or presentations. Our meeting rooms are centrally located and equipped with the latest technology. If you wish, we can also take care of the catering for you.<\/p>\n\t\t<h3>Get in touch with us<\/h3>\n\t\t\t<p><a href=\"tel:0041442146262\">+41 44 214 62 62<\/a><br \/>Mon-Fri 08:00-17:00<\/p>\n\t<h3>\n\t\t\t\tTrusted services\n\t\t\t<\/h3>\n\t<h3>\n\t\t\t\tFlexible facilities <br \/>and central location\n\t\t\t<\/h3>\n\t<h3>\n\t\t\t\tinfrastructure<br \/>and technology\n\t\t\t<\/h3>\n\t<h3>\n\t\t\t\tCatering\n\t\t\t<\/h3>\n\t<h3>\n\t\t\t\tSecretarial services\n\t\t\t<\/h3>\n\t<h2>\n\t\t\t\tWe rent offices at the following locations\n\t\t\t<\/h2>\n\t\t\t\t<img decoding=\"async\" src=\"https:\/\/www.obc-suisse.ch\/wp-content\/uploads\/2018\/09\/obc-suisse-zurich-city-office-teaser2.jpg\" alt=\"Exterior view Zurich office\" title=\"obc-suisse-zurich-city-office-teaser2\" itemprop=\"image\"\/>\n\t\t<h3>Zurich-City<\/h3>\t\t\t\n\t\t\t\t<p>The business center is located on Bahnhofstrasse, in the heart of Zurich and just a few minutes away from the main train station.<\/p>\n\t\t\t<a href=\"https:\/\/www.obc-suisse.ch\/en\/zuerich-city\/\" target=\"_self\" role=\"button\" aria-label=\"Zurich-City\" rel=\"noopener\">\n\t\t\t\t\t\t\tZurich-City\n\t\t<\/a>\n\t\t\t\t<img decoding=\"async\" src=\"https:\/\/www.obc-suisse.ch\/wp-content\/uploads\/2018\/09\/zuerich-europaallee-obc-suisse.jpg\" alt=\"Zurich location Europaallee exterior view\" title=\"zuerich-europaallee-obc-suisse\" itemprop=\"image\"\/>\n\t\t<h3>Zurich-Europaallee<\/h3>\t\t\t\n\t\t\t\t<p>The site is located in the middle of the Europaallee district, which is right next to Zurich's main train station.<\/p>\n\t\t\t<a href=\"https:\/\/www.obc-suisse.ch\/en\/zuerich-europaallee\/\" target=\"_self\" role=\"button\" aria-label=\"Zurich-Europaallee\" rel=\"noopener\">\n\t\t\t\t\t\t\tZurich-Europaallee\n\t\t<\/a>\n\t\t\t\t<img decoding=\"async\" src=\"https:\/\/www.obc-suisse.ch\/wp-content\/uploads\/2018\/09\/zuerich-west.jpeg\" alt=\"zuerich-west\" title=\"zuerich-west\" itemprop=\"image\"\/>\n\t\t<h3>Zurich-West<\/h3>\t\t\t\n\t\t\t\t<p>Modern and well-equipped offices at our new location in Zurich West in the Swiss Life Arena.<\/p>\n\t\t\t<a href=\"https:\/\/www.obc-suisse.ch\/en\/zuerich-west\/\" target=\"_self\" role=\"button\" aria-label=\"Zurich-West\" rel=\"noopener\">\n\t\t\t\t\t\t\tZurich-West\n\t\t<\/a>\n\t\t\t\t<img decoding=\"async\" src=\"https:\/\/www.obc-suisse.ch\/wp-content\/uploads\/2018\/09\/basel-buero-baloise-park.jpg\" alt=\"Baloise Park from the outside on the street\" title=\"basel-office-baloise-park\" itemprop=\"image\"\/>\n\t\t<h3>Basel-City<\/h3>\t\t\t\n\t\t\t\t<p>Excellent office space directly at the Basel train station, in Baloise Park.<\/p>\n\t\t\t<a href=\"https:\/\/www.obc-suisse.ch\/en\/basel-baloise-park\/\" target=\"_self\" role=\"button\" aria-label=\"Basel-City\" rel=\"noopener\">\n\t\t\t\t\t\t\tBasel-City\n\t\t<\/a>\n\t<h2>\n\t\t\t\tFAQ\/This might also interest you\n\t\t\t<\/h2>\n\t\t\t\t\t\t<h4>Is a projector\/flip chart\/WiFi available? <\/h4>\n\t\t\t<p>WiFi and flip charts are included as standard in every booking. You are also welcome to rent a projector from us. Please inform us of your needs when you make your booking.<\/p>\n\t\t\t\t\t\t<h4>Can you provide catering during or after the event? <\/h4>\n\t\t\t<p>We will be happy to organize a coffee break for you with croissants and snacks, a standing lunch, or an aperitif. Ask for these services during your booking, and we can prepare an offer to meet your needs. <\/p>\n\t\t\t\t\t\t<h4>Can I bring my own catering?<\/h4>\n\t\t\t<p>You are certainly welcome to do so, for a flat-rate fee per participant.<\/p>\n\t\t\t\t\t\t<h4>Can I offer cocktails outside of your business hours?<\/h4>\n\t\t\t<p>We also ensure services and catering for your events outside of our business hours. We will be happy to prepare an offer for you. <\/p>\n\t\t\t\t\t\t<h4>How large is the largest room you have? <\/h4>\n\t\t\t<p>This depends on the specific business center where you make your booking. Our largest room is located in our Europaallee center, which has space for a maximum of 100 participants with the right chair arrangement. <\/p>\n\t\t\t\t\t\t<h4>Where can I hold a cocktail reception?<\/h4>\n\t\t\t<p>If requested, receptions can be held outside of our conference rooms, for instance in our bistros, to offer space for discussion and networking.<\/p>\n\t\t\t\t\t\t<h4>Can I book rooms by the hour? <\/h4>\n\t\t\t<p>Day offices can be booked by the hour for small meetings with up to 4 persons. Conference rooms can be booked by the half day or full day.<\/p>","protected":false},"excerpt":{"rendered":"<p>Our comfortable meeting rooms are equipped with smart communication and information technology.<\/p>","protected":false},"author":2,"featured_media":323,"parent":0,"menu_order":0,"comment_status":"closed","ping_status":"closed","template":"","meta":{"_seopress_robots_primary_cat":"","_seopress_titles_title":"Moderne Konferenzr\u00e4ume \u2013 OBC Suisse","_seopress_titles_desc":"F\u00fcr jede Konferenz sind unsere komfortablen R\u00e4umen mit intelligenter Kommunikations- und Informationstechnologie ausger\u00fcstet. ","_seopress_robots_index":"","site-sidebar-layout":"no-sidebar","site-content-layout":"page-builder","ast-site-content-layout":"default","site-content-style":"default","site-sidebar-style":"default","ast-global-header-display":"","ast-banner-title-visibility":"","ast-main-header-display":"","ast-hfb-above-header-display":"","ast-hfb-below-header-display":"","ast-hfb-mobile-header-display":"","site-post-title":"disabled","ast-breadcrumbs-content":"","ast-featured-img":"disabled","footer-sml-layout":"","ast-disable-related-posts":"","theme-transparent-header-meta":"default","adv-header-id-meta":"","stick-header-meta":"","header-above-stick-meta":"","header-main-stick-meta":"","header-below-stick-meta":"","astra-migrate-meta-layouts":"default","ast-page-background-enabled":"default","ast-page-background-meta":{"desktop":{"background-color":"","background-image":"","background-repeat":"repeat","background-position":"center center","background-size":"auto","background-attachment":"scroll","background-type":"","background-media":"","overlay-type":"","overlay-color":"","overlay-opacity":"","overlay-gradient":""},"tablet":{"background-color":"","background-image":"","background-repeat":"repeat","background-position":"center center","background-size":"auto","background-attachment":"scroll","background-type":"","background-media":"","overlay-type":"","overlay-color":"","overlay-opacity":"","overlay-gradient":""},"mobile":{"background-color":"","background-image":"","background-repeat":"repeat","background-position":"center center","background-size":"auto","background-attachment":"scroll","background-type":"","background-media":"","overlay-type":"","overlay-color":"","overlay-opacity":"","overlay-gradient":""}},"ast-content-background-meta":{"desktop":{"background-color":"var(--ast-global-color-5)","background-image":"","background-repeat":"repeat","background-position":"center center","background-size":"auto","background-attachment":"scroll","background-type":"","background-media":"","overlay-type":"","overlay-color":"","overlay-opacity":"","overlay-gradient":""},"tablet":{"background-color":"var(--ast-global-color-5)","background-image":"","background-repeat":"repeat","background-position":"center center","background-size":"auto","background-attachment":"scroll","background-type":"","background-media":"","overlay-type":"","overlay-color":"","overlay-opacity":"","overlay-gradient":""},"mobile":{"background-color":"var(--ast-global-color-5)","background-image":"","background-repeat":"repeat","background-position":"center center","background-size":"auto","background-attachment":"scroll","background-type":"","background-media":"","overlay-type":"","overlay-color":"","overlay-opacity":"","overlay-gradient":""}},"iawp_total_views":7463,"footnotes":""},"class_list":["post-413","page","type-page","status-publish","has-post-thumbnail","hentry"],"_links":{"self":[{"href":"https:\/\/www.obc-suisse.ch\/en\/wp-json\/wp\/v2\/pages\/413","targetHints":{"allow":["GET"]}}],"collection":[{"href":"https:\/\/www.obc-suisse.ch\/en\/wp-json\/wp\/v2\/pages"}],"about":[{"href":"https:\/\/www.obc-suisse.ch\/en\/wp-json\/wp\/v2\/types\/page"}],"author":[{"embeddable":true,"href":"https:\/\/www.obc-suisse.ch\/en\/wp-json\/wp\/v2\/users\/2"}],"replies":[{"embeddable":true,"href":"https:\/\/www.obc-suisse.ch\/en\/wp-json\/wp\/v2\/comments?post=413"}],"version-history":[{"count":34,"href":"https:\/\/www.obc-suisse.ch\/en\/wp-json\/wp\/v2\/pages\/413\/revisions"}],"predecessor-version":[{"id":3750,"href":"https:\/\/www.obc-suisse.ch\/en\/wp-json\/wp\/v2\/pages\/413\/revisions\/3750"}],"wp:featuredmedia":[{"embeddable":true,"href":"https:\/\/www.obc-suisse.ch\/en\/wp-json\/wp\/v2\/media\/323"}],"wp:attachment":[{"href":"https:\/\/www.obc-suisse.ch\/en\/wp-json\/wp\/v2\/media?parent=413"}],"curies":[{"name":"wp","href":"https:\/\/api.w.org\/{rel}","templated":true}]}}

Moderne Konferenzräume – OBC Suisse

Für jede Konferenz sind unsere komfortablen Räumen mit intelligenter Kommunikations- und Informationstechnologie ausgerüstet.
